igit of 91014883?
8
What is the thousands digit of 424584706?
4
What is the hundreds digit of 4193523651?
6
What is the millions digit of 3237161359?
7
What is the units digit of 211579838?
8
What is the hundred thousands digit of 497299836?
2
What is the hundred thousands digit of 32426844?
4
What is the tens digit of 5485509017?
1
What is the units digit of 1429478844?
4
What is the thousands digit of 685151603?
1
What is the thousands digit of 118541060?
1
What is the hundred thousands digit of 13275342?
2
What is the tens digit of 2631624428?
2
What is the hundreds digit of 1927898667?
6
What is the millions digit of 1960728913?
0
What is the millions digit of 3298843996?
8
What is the ten millions digit of 53176510?
5
What is the units digit of 22146745?
5
What is the millions digit of 42479701?
2
What is the ten thousands digit of 82925427?
2
What is the ten thousands digit of 302078777?
7
What is the thousands digit of 124308458?
8
What is the hundreds digit of 1713979971?
9
What is the hundreds digit of 19618836?
8
What is the hundred thousands digit of 28485282?
4
What is the units digit of 1243758255?
5
What is the units digit of 654966620?
0
What is the hundred millions digit of 250652664?
2
What is the tens digit of 2249716562?
6
What is the billions digit of 1241965951?
1
What is the units digit of 623704122?
2
What is the hundred thousands digit of 109412693?
4
What is the tens digit of 12072560?
6
What is the hundred thousands digit of 7851203674?
2
What is the tens digit of 335609253?
5
What is the ten thousands digit of 681025903?
2
What is the units digit of 70865546?
6
What is the thousands digit of 3027522231?
2
What is the hundreds digit of 315081512?
5
What is the thousands digit of 171128439?
8
What is the hundred thousands digit of 875952324?
9
What is the thousands digit of 5176089523?
9
What is the millions digit of 4404629380?
4
What is the hundred thousands digit of 53349824?
3
What is the ten millions digit of 367686534?
6
What is the ten millions digit of 146109636?
4
What is the millions digit of 10991951?
0
What is the ten thousands digit of 283982048?
8
What is the hundred millions digit of 107921210?
1
What is the thousands digit of 10826016?
6
What is the ten millions digit of 59403671?
5
What is the hundreds digit of 163754538?
5
What is the ten millions digit of 2371567874?
7
What is the tens digit of 66508611?
1
What is the ten thousands digit of 47985505?
8
What is the tens digit of 9025932?
3
What is the tens digit of 99582604?
0
What is the millions digit of 644506456?
4
What is the ten millions digit of 672197715?
7
What is the hundred thousands digit of 767652898?
6
What is the tens digit of 1189489338?
3
What is the units digit of 639337752?
2
What is the ten thousands digit of 82813080?
1
What is the ten thousands digit of 1606049388?
4
What is the hundreds digit of 273818141?
1
What is the millions digit of 2338713032?
8
What is the millions digit of 18817661?
8
What is the hundred thousands digit of 76457621?
4
What is the hundreds digit of 65191852?
8
What is the hundreds digit of 1769509021?
0
What is the ten thousands digit of 19560459?
6
What is the units digit of 1121343161?
1
What is the hundreds digit of 1149897144?
1
What is the ten thousands digit of 564003638?
0
What is the hundreds digit of 117296605?
6
What is the hundreds digit of 32190653?
6
What is the thousands digit of 659477651?
7
What is the hundred millions digit of 1245684043?
2
What is the units digit of 16886147?
7
What is the thousands digit of 802389778?
9
What is the hundreds digit of 3001277568?
5
What is the tens digit of 53898685?
8
What is the ten millions digit of 167226057?
6
What is the ten thousands digit of 1150670627?
7
What is the tens digit of 155654333?
3
What is the hundred millions digit of 1222673673?
2
What is the units digit of 607056056?
6
What is the tens digit of 5208233461?
6
What is the thousands digit of 1759432229?
2
What is the hundreds digit of 139348659?
6
What is the hundred millions digit of 1021766871?
0
What is the thousands digit of 4811395682?
5
What is the ten thousands digit of 79612295?
1
What is the ten thousands digit of 1337940791?
4
What is the hundred millions digit of 558025567?
5
What is the thousands digit of 19740137?
0
What is the tens digit of 30437624?
2
What is the ten thousands digit of 2371239345?
3
What is the millions digit of 6366657475?
6
What is the ten thousands digit of 226487454?
8
What is the units digit of 161792439?
9
What is the billions digit of 5692106440?
5
What is the millions digit of 2398342858?
8
What is the tens digit of 485792626?
2
What is the tens digit of 78032803?
0
What is the tens digit of 5995107?
0
What is the units digit of 6297895?
5
What is the thousands digit of 248798158?
8
What is the thousands digit of 41481342?
1
What is the ten thousands digit of 31275398?
7
What is the ten thousands digit of 18716047?
1
What is the ten thousands digit of 342305930?
0
What is the millions digit of 180163984?
0
What is the ten thousands digit of 157347451?
4
What is the tens digit of 33210621?
2
What is the thousands digit of 367748054?
8
What is the tens digit of 42575111?
1
What is the millions digit of 143765309?
3
What is the hundred millions digit of 141971514?
1
What is the thousands digit of 29065898?
5
What is the thousands digit of 111768410?
8
What is the hundred thousands digit of 128436967?
4
What is the millions digit of 72560253?
2
What is the hundred millions digit of 2203465473?
2
What is the ten millions digit of 2938156811?
3
What is the tens digit of 11037823?
2
What is the hundred millions digit of 184971288?
1
What is the units digit of 451348120?
0
What is the units digit of 55299629?
9
What is the ten thousands digit of 141136722?
3
What is the thousands digit of 87088377?
8
What is the ten millions digit of 223020615?
2
What is the ten millions digit of 3660038413?
6
What is the ten millions digit of 74098308?
7
What is the ten thousands digit of 968202479?
0
What is the hundred millions digit of 158546569?
1
What is the hundreds digit of 1142510649?
6
What is the millions digit of 109556047?
9
What is the ten millions digit of 15800445?
1
What is the billions digit of 3472813633?
3
What is the ten thousands digit of 4099445388?
4
What is the units digit of 212713832?
2
What is the hundreds digit of 39183488?
4
What is the units digit of 2893824079?
9
What is the units digit of 2164358523?
3
What is the tens digit of 77638616?
1
What is the ten millions digit of 35690447?
3
What is the ten millions digit of 166471915?
6
What is the thousands digit of 742810342?
0
What is the millions digit of 6419213908?
9
What is the ten thousands digit of 949666209?
6
What is the hundreds digit of 371140363?
3
What is the hundred millions digit of 126477593?
1
What is the hundred thousands digit of 41372227?
3
What is the thousands digit of 65889920?
9
What is the millions digit of 3332191373?
2
What is the ten millions digit of 274586746?
7
What is the thousands digit of 232113270?
3
What is the hundred thousands digit of 520918014?
9
What is the units digit of 45568477?
7
What is the ten thousands digit of 526040449?
4
What is the hundred millions digit of 2445756370?
4
What is the hundreds digit of 40000017?
0
What is the ten thousands digit of 48581913?
8
What is the hundreds digit of 3879632218?
2
What is the tens digit of 30609638?
3
What is the units digit of 862496465?
5
What is the millions digit of 26836550?
6
What is the units digit of 87092781?
1
What is the hundred thousands digit of 89634987?
6
What is the millions digit of 1230200697?
0
What is the hundred thousands digit of 649431681?
4
What is the hundreds digit of 3364472048?
0
What is the ten thousands digit of 1568609152?
0
What is the millions digit of 59970228?
9
What is the thousands digit of 140589641?
9
What is the units digit of 399454542?
2
What is the hundreds digit of 34399825?
8
What is the hundred millions digit of 1294046706?
2
What is the millions digit of 221020378?
1
What is the thousands digit of 786204930?
4
What is the thousands digit of 76328272?
8
What is the ten thousands digit of 153311155?
1
What is the units digit of 17135071?
1
What is the hun